{"id":8717,"date":"2025-12-26T13:59:34","date_gmt":"2025-12-26T13:59:34","guid":{"rendered":"https:\/\/www.mddlecode.com\/?page_id=8717"},"modified":"2025-12-29T15:52:18","modified_gmt":"2025-12-29T15:52:18","slug":"concept","status":"publish","type":"page","link":"https:\/\/www.mddlecode.com\/?page_id=8717","title":{"rendered":"Concept"},"content":{"rendered":"<p>[et_pb_section fb_built=\u00a0\u00bb1&Prime; admin_label=\u00a0\u00bbHeader\u00a0\u00bb _builder_version=\u00a0\u00bb4.27.5&Prime; _module_preset=\u00a0\u00bbdefault\u00a0\u00bb background_enable_color=\u00a0\u00bboff\u00a0\u00bb collapsed=\u00a0\u00bbon\u00a0\u00bb global_colors_info=\u00a0\u00bb{%22gcid-fc7afca1-7302-4e55-829d-3d445387c282%22:%91%22background_color%22%93}\u00a0\u00bb][et_pb_row _builder_version=\u00a0\u00bb4.23.2&Prime; _module_preset=\u00a0\u00bbdefault\u00a0\u00bb locked=\u00a0\u00bboff\u00a0\u00bb global_colors_info=\u00a0\u00bb{}\u00a0\u00bb][et_pb_column type=\u00a0\u00bb4_4&Prime; _builder_version=\u00a0\u00bb4.23.2&Prime; _module_preset=\u00a0\u00bbdefault\u00a0\u00bb global_colors_info=\u00a0\u00bb{}\u00a0\u00bb][et_pb_text _builder_version=\u00a0\u00bb4.27.5&Prime; _module_preset=\u00a0\u00bb170c66b4-96bc-4cd7-9200-20a4c29c93e7&Prime; text_font=\u00a0\u00bbRoboto||||||||\u00a0\u00bb header_font=\u00a0\u00bbRoboto|300|||||||\u00a0\u00bb header_text_align=\u00a0\u00bbcenter\u00a0\u00bb header_text_color=\u00a0\u00bbgcid-3c3581c1-f373-4686-aa51-f9f01c8ffd79&Prime; header_font_size=\u00a0\u00bb56px\u00a0\u00bb global_colors_info=\u00a0\u00bb{%22gcid-3c3581c1-f373-4686-aa51-f9f01c8ffd79%22:%91%22header_text_color%22%93}\u00a0\u00bb]<\/p>\n<h1>L&rsquo;exp\u00e9rience MDD Le Code| Real Harmony<\/h1>\n<p>[\/et_pb_text][et_pb_text _builder_version=\u00a0\u00bb4.27.5&Prime; _module_preset=\u00a0\u00bbef353f99-6034-41c2-b6ba-ea04dc14bfa5&Prime; text_font=\u00a0\u00bb&#8211;et_global_heading_font||||||||\u00a0\u00bb text_text_color=\u00a0\u00bbgcid-75f8feef-8e89-48de-a593-3e169dc48f01&Prime; text_font_size=\u00a0\u00bb18px\u00a0\u00bb global_colors_info=\u00a0\u00bb{%22gcid-75f8feef-8e89-48de-a593-3e169dc48f01%22:%91%22text_text_color%22%93}\u00a0\u00bb]<\/p>\n<p style=\"text-align: center;\">Chaque projet est une rencontre. Chaque image, une \u00e9motion soigneusement pr\u00e9serv\u00e9e!<\/p>\n<p>[\/et_pb_text][\/et_pb_column][\/et_pb_row][et_pb_row column_structure=\u00a0\u00bb1_2,1_2&Prime; custom_padding_last_edited=\u00a0\u00bbon|desktop\u00a0\u00bb _builder_version=\u00a0\u00bb4.23.2&Prime; _module_preset=\u00a0\u00bbdefault\u00a0\u00bb custom_padding_tablet=\u00a0\u00bb||0px||false|false\u00a0\u00bb custom_padding_phone=\u00a0\u00bb||0px||false|false\u00a0\u00bb global_colors_info=\u00a0\u00bb{}\u00a0\u00bb][et_pb_column type=\u00a0\u00bb1_2&Prime; _builder_version=\u00a0\u00bb4.23.2&Prime; _module_preset=\u00a0\u00bbdefault\u00a0\u00bb global_colors_info=\u00a0\u00bb{}\u00a0\u00bb][et_pb_text _builder_version=\u00a0\u00bb4.23.2&Prime; _module_preset=\u00a0\u00bb752951ab-ada7-44fb-964b-1e9c24349f0b\u00a0\u00bb header_4_text_color=\u00a0\u00bbgcid-3c3581c1-f373-4686-aa51-f9f01c8ffd79&Prime; custom_margin=\u00a0\u00bb||10px||false|false\u00a0\u00bb global_colors_info=\u00a0\u00bb{%22gcid-3c3581c1-f373-4686-aa51-f9f01c8ffd79%22:%91%22header_4_text_color%22%93}\u00a0\u00bb]<\/p>\n<h4>1. Un devis sur mesure<\/h4>\n<p>[\/et_pb_text][et_pb_text _builder_version=\u00a0\u00bb4.23.2&Prime; _module_preset=\u00a0\u00bbef353f99-6034-41c2-b6ba-ea04dc14bfa5&Prime; text_text_color=\u00a0\u00bbgcid-75f8feef-8e89-48de-a593-3e169dc48f01&Prime; global_colors_info=\u00a0\u00bb{%22gcid-75f8feef-8e89-48de-a593-3e169dc48f01%22:%91%22text_text_color%22%93}\u00a0\u00bb]<\/p>\n<p>Nous vous proposons un devis clair, pr\u00e9cis et enti\u00e8rement personnalis\u00e9. Chaque offre est pens\u00e9e pour s&rsquo;adapter \u00e0 votre histoire, \u00e0 vos envies &amp; \u00e0 l&rsquo;exp\u00e9rience que vous souhaitez vivre!<\/p>\n<p>&nbsp;<\/p>\n<p>[\/et_pb_text][et_pb_divider color=\u00a0\u00bbgcid-67d43e14-29de-45f1-b812-619d83fd4e11&Prime; _builder_version=\u00a0\u00bb4.23.2&Prime; _module_preset=\u00a0\u00bbdefault\u00a0\u00bb custom_margin=\u00a0\u00bb||0px||false|false\u00a0\u00bb global_colors_info=\u00a0\u00bb{%22gcid-67d43e14-29de-45f1-b812-619d83fd4e11%22:%91%22color%22%93}\u00a0\u00bb][\/et_pb_divider][et_pb_button button_alignment=\u00a0\u00bbright\u00a0\u00bb _builder_version=\u00a0\u00bb4.27.5&Prime; _module_preset=\u00a0\u00bbe8d85b24-6830-41af-be09-9404c99f2911&Prime; global_colors_info=\u00a0\u00bb{}\u00a0\u00bb][\/et_pb_button][\/et_pb_column][et_pb_column type=\u00a0\u00bb1_2&Prime; _builder_version=\u00a0\u00bb4.23.2&Prime; _module_preset=\u00a0\u00bbdefault\u00a0\u00bb global_colors_info=\u00a0\u00bb{}\u00a0\u00bb][et_pb_text _builder_version=\u00a0\u00bb4.23.2&Prime; _module_preset=\u00a0\u00bb752951ab-ada7-44fb-964b-1e9c24349f0b\u00a0\u00bb header_4_text_color=\u00a0\u00bbgcid-3c3581c1-f373-4686-aa51-f9f01c8ffd79&Prime; custom_margin=\u00a0\u00bb||3px||false|false\u00a0\u00bb global_colors_info=\u00a0\u00bb{%22gcid-3c3581c1-f373-4686-aa51-f9f01c8ffd79%22:%91%22header_4_text_color%22%93}\u00a0\u00bb]<\/p>\n<h4>2. Validation &amp; R\u00e9servation de votre date<\/h4>\n<p>[\/et_pb_text][et_pb_text _builder_version=\u00a0\u00bb4.27.5&Prime; _module_preset=\u00a0\u00bbef353f99-6034-41c2-b6ba-ea04dc14bfa5&Prime; text_text_color=\u00a0\u00bbgcid-75f8feef-8e89-48de-a593-3e169dc48f01&Prime; custom_margin=\u00a0\u00bb||14px|||\u00a0\u00bb global_colors_info=\u00a0\u00bb{%22gcid-75f8feef-8e89-48de-a593-3e169dc48f01%22:%91%22text_text_color%22%93}\u00a0\u00bb]<\/p>\n<p>La r\u00e9servation de votre date devient effective apr\u00e8s validation du devis et r\u00e9ception d&rsquo;un acompte de 30% du montant total de la prestation.\u00a0<\/p>\n<p>Engagement en toute s\u00e9r\u00e9nit\u00e9: Une fois la r\u00e9servation confirm\u00e9e, vous disposez d&rsquo;un d\u00e9lai de r\u00e9tractation de 14 jours sans justification et l&rsquo;int\u00e9gralit\u00e9 de l&rsquo;acompte vous sera rembours\u00e9.<\/p>\n<p>[\/et_pb_text][et_pb_divider color=\u00a0\u00bbgcid-67d43e14-29de-45f1-b812-619d83fd4e11&Prime; _builder_version=\u00a0\u00bb4.23.2&Prime; _module_preset=\u00a0\u00bbdefault\u00a0\u00bb custom_margin=\u00a0\u00bb||0px||false|false\u00a0\u00bb global_colors_info=\u00a0\u00bb{%22gcid-67d43e14-29de-45f1-b812-619d83fd4e11%22:%91%22color%22%93}\u00a0\u00bb][\/et_pb_divider][et_pb_button button_alignment=\u00a0\u00bbright\u00a0\u00bb _builder_version=\u00a0\u00bb4.27.5&Prime; _module_preset=\u00a0\u00bbe8d85b24-6830-41af-be09-9404c99f2911&Prime; global_colors_info=\u00a0\u00bb{}\u00a0\u00bb][\/et_pb_button][\/et_pb_column][\/et_pb_row][et_pb_row column_structure=\u00a0\u00bb1_2,1_2&Prime; custom_padding_last_edited=\u00a0\u00bbon|desktop\u00a0\u00bb _builder_version=\u00a0\u00bb4.23.2&Prime; _module_preset=\u00a0\u00bbdefault\u00a0\u00bb custom_padding_tablet=\u00a0\u00bb||0px||false|false\u00a0\u00bb custom_padding_phone=\u00a0\u00bb||0px||false|false\u00a0\u00bb global_colors_info=\u00a0\u00bb{}\u00a0\u00bb][et_pb_column type=\u00a0\u00bb1_2&Prime; _builder_version=\u00a0\u00bb4.23.2&Prime; _module_preset=\u00a0\u00bbdefault\u00a0\u00bb global_colors_info=\u00a0\u00bb{}\u00a0\u00bb][et_pb_text _builder_version=\u00a0\u00bb4.23.2&Prime; _module_preset=\u00a0\u00bb752951ab-ada7-44fb-964b-1e9c24349f0b\u00a0\u00bb header_4_text_color=\u00a0\u00bbgcid-3c3581c1-f373-4686-aa51-f9f01c8ffd79&Prime; custom_margin=\u00a0\u00bb||10px||false|false\u00a0\u00bb global_colors_info=\u00a0\u00bb{%22gcid-3c3581c1-f373-4686-aa51-f9f01c8ffd79%22:%91%22header_4_text_color%22%93}\u00a0\u00bb]<\/p>\n<h4>3. Un \u00e9change privil\u00e9gi\u00e9<\/h4>\n<p>[\/et_pb_text][et_pb_text _builder_version=\u00a0\u00bb4.23.2&Prime; _module_preset=\u00a0\u00bbef353f99-6034-41c2-b6ba-ea04dc14bfa5&Prime; text_text_color=\u00a0\u00bbgcid-75f8feef-8e89-48de-a593-3e169dc48f01&Prime; global_colors_info=\u00a0\u00bb{%22gcid-75f8feef-8e89-48de-a593-3e169dc48f01%22:%91%22text_text_color%22%93}\u00a0\u00bb]<\/p>\n<p>Avant le jour de votre \u00e9v\u00e9nement, nous organisons 2 rendez-vous en visioconf\u00e9rence. Ce moment d&rsquo;\u00e9change nous permet de comprendre votre univers, votre sensibilit\u00e9 artistique, vos attentes et d&rsquo;anticiper chaque d\u00e9tail du d\u00e9roulement de votre journ\u00e9e.<\/p>\n<p>[\/et_pb_text][et_pb_divider color=\u00a0\u00bbgcid-67d43e14-29de-45f1-b812-619d83fd4e11&Prime; _builder_version=\u00a0\u00bb4.23.2&Prime; _module_preset=\u00a0\u00bbdefault\u00a0\u00bb custom_margin=\u00a0\u00bb||0px||false|false\u00a0\u00bb global_colors_info=\u00a0\u00bb{%22gcid-67d43e14-29de-45f1-b812-619d83fd4e11%22:%91%22color%22%93}\u00a0\u00bb][\/et_pb_divider][\/et_pb_column][et_pb_column type=\u00a0\u00bb1_2&Prime; _builder_version=\u00a0\u00bb4.23.2&Prime; _module_preset=\u00a0\u00bbdefault\u00a0\u00bb global_colors_info=\u00a0\u00bb{}\u00a0\u00bb][et_pb_text _builder_version=\u00a0\u00bb4.23.2&Prime; _module_preset=\u00a0\u00bb752951ab-ada7-44fb-964b-1e9c24349f0b\u00a0\u00bb header_4_text_color=\u00a0\u00bbgcid-3c3581c1-f373-4686-aa51-f9f01c8ffd79&Prime; custom_margin=\u00a0\u00bb||10px||false|false\u00a0\u00bb global_colors_info=\u00a0\u00bb{%22gcid-3c3581c1-f373-4686-aa51-f9f01c8ffd79%22:%91%22header_4_text_color%22%93}\u00a0\u00bb]<\/p>\n<h4>4. Le jour J &#8211; L&rsquo;art de l&rsquo;instant\u00a0<\/h4>\n<p>[\/et_pb_text][et_pb_text _builder_version=\u00a0\u00bb4.23.2&Prime; _module_preset=\u00a0\u00bbef353f99-6034-41c2-b6ba-ea04dc14bfa5&Prime; text_text_color=\u00a0\u00bbgcid-75f8feef-8e89-48de-a593-3e169dc48f01&Prime; custom_margin=\u00a0\u00bb||9px|||\u00a0\u00bb global_colors_info=\u00a0\u00bb{%22gcid-75f8feef-8e89-48de-a593-3e169dc48f01%22:%91%22text_text_color%22%93}\u00a0\u00bb]<\/p>\n<p>Le Jour J venu, vivez pleinement chaque \u00e9motion. Discret, attentifs et profond\u00e9ment inspir\u00e9es, nous capturons l&rsquo;essence de votre \u00e9v\u00e9nement sans jamais en perturber le rythme. Notre mission: Sublimer l&rsquo;authenticit\u00e9 de vos instants les plus pr\u00e9cieux pour vous permettre de les revivre avec la m\u00eame intensit\u00e9.<\/p>\n<p>[\/et_pb_text][et_pb_divider color=\u00a0\u00bbgcid-67d43e14-29de-45f1-b812-619d83fd4e11&Prime; _builder_version=\u00a0\u00bb4.23.2&Prime; _module_preset=\u00a0\u00bbdefault\u00a0\u00bb custom_margin=\u00a0\u00bb||0px||false|false\u00a0\u00bb global_colors_info=\u00a0\u00bb{%22gcid-67d43e14-29de-45f1-b812-619d83fd4e11%22:%91%22color%22%93}\u00a0\u00bb][\/et_pb_divider][et_pb_button button_text=\u00a0\u00bbLearn More\u00a0\u00bb button_alignment=\u00a0\u00bbright\u00a0\u00bb _builder_version=\u00a0\u00bb4.23.2&Prime; _module_preset=\u00a0\u00bbe8d85b24-6830-41af-be09-9404c99f2911&Prime; global_colors_info=\u00a0\u00bb{}\u00a0\u00bb][\/et_pb_button][\/et_pb_column][\/et_pb_row][et_pb_row column_structure=\u00a0\u00bb1_2,1_2&Prime; custom_padding_last_edited=\u00a0\u00bbon|desktop\u00a0\u00bb _builder_version=\u00a0\u00bb4.23.2&Prime; _module_preset=\u00a0\u00bbdefault\u00a0\u00bb custom_padding_tablet=\u00a0\u00bb||0px||false|false\u00a0\u00bb custom_padding_phone=\u00a0\u00bb||0px||false|false\u00a0\u00bb global_colors_info=\u00a0\u00bb{}\u00a0\u00bb][et_pb_column type=\u00a0\u00bb1_2&Prime; _builder_version=\u00a0\u00bb4.23.2&Prime; _module_preset=\u00a0\u00bbdefault\u00a0\u00bb global_colors_info=\u00a0\u00bb{}\u00a0\u00bb][et_pb_text _builder_version=\u00a0\u00bb4.27.5&Prime; _module_preset=\u00a0\u00bb752951ab-ada7-44fb-964b-1e9c24349f0b\u00a0\u00bb header_4_text_color=\u00a0\u00bbgcid-3c3581c1-f373-4686-aa51-f9f01c8ffd79&Prime; custom_margin=\u00a0\u00bb||10px||false|false\u00a0\u00bb global_colors_info=\u00a0\u00bb{%22gcid-3c3581c1-f373-4686-aa51-f9f01c8ffd79%22:%91%22header_4_text_color%22%93}\u00a0\u00bb]<\/p>\n<h4>5. Cr\u00e9ation &amp; post-production<\/h4>\n<p>[\/et_pb_text][et_pb_text _builder_version=\u00a0\u00bb4.27.5&Prime; _module_preset=\u00a0\u00bbef353f99-6034-41c2-b6ba-ea04dc14bfa5&Prime; text_text_color=\u00a0\u00bbgcid-75f8feef-8e89-48de-a593-3e169dc48f01&Prime; global_colors_info=\u00a0\u00bb{%22gcid-75f8feef-8e89-48de-a593-3e169dc48f01%22:%91%22text_text_color%22%93}\u00a0\u00bb]<\/p>\n<p>Apr\u00e8s votre \u00e9v\u00e8nement, nous entrons dans notre laboratoire cr\u00e9atif. Chaque image est soigneusement s\u00e9lectionn\u00e9e, travaill\u00e9e et sublim\u00e9e selon notre signature artistique, dans le respect des d\u00e9lais d\u00e9finis au contrat &amp; en fonction de la saison!<\/p>\n<p>[\/et_pb_text][et_pb_divider color=\u00a0\u00bbgcid-67d43e14-29de-45f1-b812-619d83fd4e11&Prime; _builder_version=\u00a0\u00bb4.23.2&Prime; _module_preset=\u00a0\u00bbdefault\u00a0\u00bb custom_margin=\u00a0\u00bb||0px||false|false\u00a0\u00bb global_colors_info=\u00a0\u00bb{%22gcid-67d43e14-29de-45f1-b812-619d83fd4e11%22:%91%22color%22%93}\u00a0\u00bb][\/et_pb_divider][\/et_pb_column][et_pb_column type=\u00a0\u00bb1_2&Prime; _builder_version=\u00a0\u00bb4.23.2&Prime; _module_preset=\u00a0\u00bbdefault\u00a0\u00bb global_colors_info=\u00a0\u00bb{}\u00a0\u00bb][et_pb_text _builder_version=\u00a0\u00bb4.27.5&Prime; _module_preset=\u00a0\u00bb752951ab-ada7-44fb-964b-1e9c24349f0b\u00a0\u00bb header_4_text_color=\u00a0\u00bbgcid-3c3581c1-f373-4686-aa51-f9f01c8ffd79&Prime; custom_margin=\u00a0\u00bb||10px||false|false\u00a0\u00bb global_colors_info=\u00a0\u00bb{%22gcid-3c3581c1-f373-4686-aa51-f9f01c8ffd79%22:%91%22header_4_text_color%22%93}\u00a0\u00bb]<\/p>\n<h4>6. Livraison de vos souvenirs<\/h4>\n<p>[\/et_pb_text][et_pb_text _builder_version=\u00a0\u00bb4.27.5&Prime; _module_preset=\u00a0\u00bbef353f99-6034-41c2-b6ba-ea04dc14bfa5&Prime; text_text_color=\u00a0\u00bbgcid-75f8feef-8e89-48de-a593-3e169dc48f01&Prime; global_colors_info=\u00a0\u00bb{%22gcid-75f8feef-8e89-48de-a593-3e169dc48f01%22:%91%22text_text_color%22%93}\u00a0\u00bb]<\/p>\n<p>Vos images vous sont livr\u00e9es via une galerie priv\u00e9e en ligne, \u00e9l\u00e9fante et s\u00e9curis\u00e9e, accessible pendant une dur\u00e9e limit\u00e9e.<\/p>\n<p>Un \u00e9crin num\u00e9rique pens\u00e9 pour pr\u00e9server et partager vos souvenirs en toute simplicit\u00e9.<\/p>\n<p>[\/et_pb_text][et_pb_divider color=\u00a0\u00bbgcid-67d43e14-29de-45f1-b812-619d83fd4e11&Prime; _builder_version=\u00a0\u00bb4.23.2&Prime; _module_preset=\u00a0\u00bbdefault\u00a0\u00bb custom_margin=\u00a0\u00bb-14px||0px||false|false\u00a0\u00bb global_colors_info=\u00a0\u00bb{%22gcid-67d43e14-29de-45f1-b812-619d83fd4e11%22:%91%22color%22%93}\u00a0\u00bb][\/et_pb_divider][\/et_pb_column][\/et_pb_row][\/et_pb_section]<\/p>\n","protected":false},"excerpt":{"rendered":"<p>L&rsquo;exp\u00e9rience MDD Le Code| Real HarmonyChaque projet est une rencontre. Chaque image, une \u00e9motion soigneusement pr\u00e9serv\u00e9e!1. Un devis sur mesureNous vous proposons un devis clair, pr\u00e9cis et enti\u00e8rement personnalis\u00e9. Chaque offre est pens\u00e9e pour s&rsquo;adapter \u00e0 votre histoire, \u00e0 vos envies &amp; \u00e0 l&rsquo;exp\u00e9rience que vous souhaitez vivre! &nbsp;2. Validation &amp; R\u00e9servation de votre dateLa [&hellip;]<\/p>\n","protected":false},"author":1,"featured_media":0,"parent":0,"menu_order":0,"comment_status":"closed","ping_status":"closed","template":"","meta":{"_et_pb_use_builder":"on","_et_pb_old_content":"<!-- wp:divi\/placeholder \/-->","_et_gb_content_width":"","_joinchat":[],"footnotes":""},"class_list":["post-8717","page","type-page","status-publish","hentry"],"_links":{"self":[{"href":"https:\/\/www.mddlecode.com\/index.php?rest_route=\/wp\/v2\/pages\/8717","targetHints":{"allow":["GET"]}}],"collection":[{"href":"https:\/\/www.mddlecode.com\/index.php?rest_route=\/wp\/v2\/pages"}],"about":[{"href":"https:\/\/www.mddlecode.com\/index.php?rest_route=\/wp\/v2\/types\/page"}],"author":[{"embeddable":true,"href":"https:\/\/www.mddlecode.com\/index.php?rest_route=\/wp\/v2\/users\/1"}],"replies":[{"embeddable":true,"href":"https:\/\/www.mddlecode.com\/index.php?rest_route=%2Fwp%2Fv2%2Fcomments&post=8717"}],"version-history":[{"count":7,"href":"https:\/\/www.mddlecode.com\/index.php?rest_route=\/wp\/v2\/pages\/8717\/revisions"}],"predecessor-version":[{"id":8821,"href":"https:\/\/www.mddlecode.com\/index.php?rest_route=\/wp\/v2\/pages\/8717\/revisions\/8821"}],"wp:attachment":[{"href":"https:\/\/www.mddlecode.com\/index.php?rest_route=%2Fwp%2Fv2%2Fmedia&parent=8717"}],"curies":[{"name":"wp","href":"https:\/\/api.w.org\/{rel}","templated":true}]}}